e the first derivative of 5*b**2/2 + 16*b - 1952. Calculate u(7).
51
Let o(t) = -t**2 + 26*t + 119. Let f be o(-4). Let s(r) = 4*r + 3. Determine s(f).
-1
Let p(m) be the third derivative of -17/6*m**3 + 1/120*m**6 + 89*m**2 - 23/24*m**4 - 1/6*m**5 + 0 + 0*m. Calculate p(12).
-5
Let o(x) = -52 + 49 - 6*x**2 + 7*x**2 - 10*x. Let r be 1 - 1*27/(-3). What is o(r)?
-3
Suppose 3*j = 5*m - 272, 0 = -3*j - 4*m - 133 - 103. Let z = 88 + j. Let b(d) = -2 - 6 + z + 3 - 5*d. What is b(-2)?
9
Suppose 10*j - 5*c + 43 = 11*j, 2*j - 2*c - 74 = 0. Let s(z) = -11*z + z + 39 + z - j. Calculate s(2).
-17
Let n be ((-3)/18)/((14*(-8)/(-28))/(-4)). Let b(v) be the second derivative of -23*v + 1/2*v**2 + 0 - n*v**3. Give b(-4).
5
Let w(a) = -4*a - 17. Let r(q) = 7*q + 35. Let j(k) = -2*r(k) - 5*w(k). Suppose 4523*z = 1047*z - 17380. Determine j(z).
-15
Let d(n) = 3*n**2 - n - 6. Let f be 140/(-14) + -2*(0 - 2). Let r be (338/f)/13 + 4/3. What is d(r)?
24
Let k(f) be the first derivative of 1/3*f**3 + 3 + f - f**2. Let b be 6/(-9) + (-8)/(-3). Calculate k(b).
1
Let w(c) = c**3 - 7*c**2 + 7*c - 12. Let y be (-1 + 2)*-3 - (19 + -28). Give w(y).
-6
Let i(q) be the third derivative of q**4/12 + q**3/2 + q**2. Let r = 4307 - 4311. What is i(r)?
-5
Suppose 0 = 58*z - 7 + 12 + 227. Let o(a) = 2*a**2 + 11*a + 27. Calculate o(z).
15
Let z = 22227 - 22236. Let i(c) = -2*c - 27. Determine i(z).
-9
Let b be (((-168)/5)/(-6))/(4/10). Suppose 15 + 41 = -b*j. Let q(a) = -5*a. Determine q(j).
20
Suppose -4*d = b - d + 5, 2*d + 2 = -b. Let p(h) = -h**2 + 7*h + 6. Let o(r) = -r**2 + 8*r + 7. Let n(t) = b*o(t) - 5*p(t). Let y = -376 - -381. Calculate n(y).
8
Let h(p) = -2*p - 5. Let y be h(-4). Let k(c) be the second derivative of -c - 2*c**2 - 1/6*c**3 - 68. What is k(y)?
-7
Let h(s) = s**3 - s**2 - 6*s + 7. Suppose 7*u = -256 + 305. Suppose -5*i - 2*t + 6 = 0, i + 4*t = u*t + 8. Calculate h(i).
-1
Let q(r) = -4*r - 1. Let h(b) = 13*b + 16. Let m be h(-1). Let k(t) = 6*t + 3. Let y(c) = m*k(c) + 4*q(c). What is y(-4)?
-3
Let s = 4 - -1. Let h be (-18)/63 + (-2)/14*s. Let y(j) = -2*j**2 + 3*j**2 - 5*j + 6*j. Determine y(h).
0
Let l(w) be the first derivative of w**2 + 8*w - 1144. Calculate l(7).
22
Suppose -13*s = -3*s + 20. Suppose -5*d + 104 = 3*d. Let c(o) = -1 - 4*o - 3*o - d*o**2 + 4*o + 12*o**2. What is c(s)?
1
Let z(q) = -14 - 16383*q**2 + 0*q + 3*q - 16376*q**2 + 32760*q**2. Determine z(-7).
14
Let p(y) = 7*y**2 - 16*y**2 + 7*y**2 + y**3 + 4*y - 2*y**2 + y. What is p(3)?
6
Let w(x) = -x**3 - 8*x**2 - 8*x - 5. Let v(n) = n**2 - 6*n - 14. Let q be v(7). Let i be w(q). Let l(t) = 2*t**i + 2*t**2 - 7*t - 3*t**2. Give l(7).
0
Let c be ((-1116)/(-135))/(2/3) - 75/(-125). Let l(o) = -9*o + 18. Give l(c).
-99
Suppose 28*k + 24*k + 5*k - 57 = 0. Let c(o) = 79*o + 2. Give c(k).
81
Let h(b) = -4*b - 93. Suppose -536 = -20*l + 63*l - 536. What is h(l)?
-93
Let y(g) = -120*g**2 - 35*g + 56*g**2 - 144 + 47*g**2 - g**3 + 57*g**2. What is y(39)?
12
Let d(u) = u**2 + 7*u + 8. Let k be d(0). Let r(a) = -a**3 + 8*a**2 + 17*a - 130. Let z be r(k). Let b(c) = -c**3 + 5*c**2 + 7*c - 6. What is b(z)?
0
Let o(j) = 47*j + 4. Let s(a) = -5 - 10*a - 2*a + 4. Let z(n) = 2*o(n) + 9*s(n). Let i be (-162)/(-135) + 4/(-20). Determine z(i).
-15
Let u(v) be the second derivative of 0 + 2*v**2 + 1/6*v**3 - 46*v. Give u(-5).
-1
Suppose -2*i - l + 1 = 0, 4*i + l - 1 = 2. Let d(t) = -7*t**3 + 8*t**2 - 6*t + 13. Let p(x) = x**2 - x + 2. Let m(n) = -d(n) + 7*p(n). Give m(i).
6
Let g(n) = -54*n**2 + 13*n - 4055 - 47*n**2 + 102*n**2 + 4036. Calculate g(-9).
-55
Let g(n) = n - 6 + 0*n**3 + n**2 - n**3 - 1. Let z be (20/(-30))/(4/(-6))*10. Suppose z*h = 5*h. Give g(h).
-7
Let z(a) = -a - 1. Let c(m) = 5. Let h(g) be the second derivative of 3*g**2 + 27*g. Let u(r) = 7*c(r) - 6*h(r). Let k(j) = -5*u(j) - z(j). Calculate k(-6).
0
Let h(q) = 2*q + q + 6 + 4. Suppose -2012 + 2677 = -774*a - 3205. Give h(a).
-5
Let c(r) be the second derivative of -r**3/6 - 8*r**2 - 723*r. Give c(-20).
4
Suppose -3*o - 15 + 1 = 5*u, -3*o - 6 = -3*u. Let z(v) = v**3 + v**2 - 2*v + 6. Let j be z(o). Let b(d) = 18 - 2*d + d - 19. What is b(j)?
5
Let o(j) = -67*j - 1472. Let u be o(-22). Let f(q) be the second derivative of 19*q - u*q**2 + 0 - 1/6*q**4 + 1/6*q**3. What is f(3)?
-19
Let z = -24 + 26. Suppose z*y = -8 + 12. Suppose -y*o = -4*o. Let t(m) = -m**3 - m + 1. What is t(o)?
1
Let o(c) = -c**2 + 20*c - 58. Let b = -1740 - -1744. Give o(b).
6
Let y be ((-38)/114)/((-2)/42). Suppose 0 = -4*f - s - 13, -1 + y = -3*f + 3*s. Let a(q) = q**3 + 3*q**2 + 2*q + 1. Give a(f).
-5
Let j(d) be the second derivative of -d**5/20 - 7*d**4/12 + d**2/2 - d. Let n = -88 + 92. Suppose 0 = -n*c - 4, -s + 7*c = 5*c + 5. What is j(s)?
1
Let g(v) = 15*v + 10*v**2 + 7*v**2 - 12*v**2 - 4 + 9. Let l be g(-3). Let c(s) = s**2 + s - 2. What is c(l)?
28
Let s(n) = -19*n**2 - 73*n + 4. Let m(q) = -23*q**2 + 94*q - 12. Let x be m(4). Give s(x).
-8
Let f(i) be the first derivative of 11*i - 209 + 17*i**2 - 18*i**2 - 54. Determine f(4).
3
Let j(w) = -w**3 + w**2 + w - 4. Let u = 108 - 112. Let g be (u - (0 - 4))/(3/(-3)). What is j(g)?
-4
Let q(d) be the second derivative of -d**4/12 - 13*d**3/3 + 69*d**2/2 + 3760*d. What is q(-29)?
-18
Let w(p) = 11*p + 12. Let i = 25 - 27. Let t be w(i). Let s(x) = -x**3 - 9*x**2 + 9*x - 10. What is s(t)?
0
Let g = 92 - 93. Let q(y) be the first derivative of 7*y**4/12 + y**3/6 + 5*y - 45. Let f(z) be the first derivative of q(z). Give f(g).
6
Let g(f) be the second derivative of f**4/12 + 17*f**3/6 + 14*f**2 + 72*f + 60. What is g(-16)?
12
Let m(n) = -n**3 + 11*n**2 + 9*n - 20. Suppose -5*g - 57 = 2*q - 66, 2*g + 42 = 3*q. What is m(q)?
-56
Let b be 19 + (-8 + 22 - 26). Let u(q) = -q**3 + 8*q**2 - 9*q + 9. Calculate u(b).
-5
Let t = 25275 - 25292. Let p(b) = -2*b**3 - 35*b**2 - 23*b - 92. Determine p(t).
10
Let g = -75 + 84. Let h(k) = -k + g - 5 + 2 + 0. Determine h(-8).
14
Suppose 3*c = -u + 7*c - 10, -4*u = -5*c - 4. Suppose -u*s - 53 = -17. Let w(v) = v**3 + 7*v**2 + 8*v + 8. Determine w(s).
-4
Let x(a) = -157*a + 301*a - 148*a + 1. Let c(q) = 2*q - 3. Let n(r) = -5*c(r) - 2*x(r). What is n(10)?
-7
Suppose 18*a + 69 = 41*a. Let c(k) = -5*k**2 - 33*k + 0*k**a + k**3 + 36*k. What is c(5)?
15
Let i(m) = -m + 1. Let r(z) = -5*z + 7. Let s(q) = 30*i(q) - 5*r(q). Let a be s(-6). Let o = a + -20. Let p(t) = -t**2 + 6*t - 6. Give p(o).
-1
Let b = -237 - -239. Suppose 2*l = -b*u + 16, 5*u - 2*l - 7 = 19. Let g(y) = y**2 - 6*y - 1. What is g(u)?
-1
Let v(k) = 4*k - 9. Let n(j) = 3*j - 8. Let x(r) = -3*n(r) + 2*v(r). Let s(z) = -z + 5. Let i(h) = -6*s(h) + 5*x(h). Let y = -55 - -60. Calculate i(y).
5
Let d(v) = -v + 5. Let z(p) = 2*p**3 + 3*p**2 + 2*p - 2. Suppose 0 = -6*g + 255 - 267. Let q be z(g). Calculate d(q).
15
Let o(j) be the first derivative of -3/2*j**2 - 2*j - 36. Let v be (-4 + 1)*2/(-3). Calculate o(v).
-8
Let l be ((-150)/(-20))/(2 - (-63)/(-18)). Let j(p) = -p**3 - 7*p**2 - 4*p + 12. Calculate j(l).
-18
Let u(z) = -z**3 + 16*z**2 - 27*z - 8. Suppose -23*j + 22*j = 3*o - 26, 4*j + o - 60 = 0. Determine u(j).
6
Let j(b) = 7*b**2 - 3*b + 61. Let g(i) = 6*i**2 - 4*i + 54. Let v(o) = -6*g(o) + 5*j(o). Calculate v(3).
-1
Let l(u) be the second derivative of u**4/6 - 5*u**3/6 + 5*u**2/2 - 744*u. Determine l(4).
17
Let v(z) be the second derivative of z**6/360 + 13*z**4/12 - 4*z**3/3 + 3*z**2/2 - 4*z. Let u(k) be the second derivative of v(k). Calculate u(0).
26
Let o(i) = 19*i**3 + 141*i**2 - 334*i + 372. Let a(j) = -4*j**3 - 28*j**2 + 67*j - 75. Let k(n) = -14*a(n) - 3*o(n). Determine k(-33).
0
Suppose 4*p + 24*h - 16 = 20*h, 3 = 2*p - 3*h. Let r(b) = -19*b - p + 18*b + 3. Give r(-9).
9
Let q(i) = 42*i**3 + 146*i**2 + 17*i - 12. Let j(u) = 151*u**3 + 523*u**2 + 61*u - 43. Let y(t) = -12*j(t) + 43*q(t). Suppose 0 - 4 = -4*w. Calculate y(w).
-5
Let q(v) be the third derivative of -2*v + 0 + 1/120*v**6 - 1/24*v**4 - 1/6*v**3 + 1/10*v**5 - 10*v**2. Give q(-6).
5
Let s(k) be the second derivative of 3*k**2 - 70*k + 1/20*k**5 + 0 - 1/3*k**3 - 1/3*k**4. Give s(4).
-2
Let b(u) = u**2 - 8*u + 9. Let r(g) = -g**3 + g**2 + 11*g + 56. Let y be r(5). Give b(y).
42
Let h(i) = 6*i - 71. Let c(d) = -17*d + 202. Let v(w) = 4*c(w) + 11*h(w). Wha